rue
Is 9573 prime?
False
Is 457547 composite?
False
Is 9811 a prime number?
True
Is 900217 a prime number?
True
Is 38431 a prime number?
True
Is 156809 a composite number?
True
Is 1661 a prime number?
False
Is 6341 a prime number?
False
Is 503241 a prime number?
False
Is 158731 a composite number?
False
Is 45929 composite?
True
Is 402487 prime?
True
Is 16127 a prime number?
True
Is 14793 a prime number?
False
Is 14903 a composite number?
True
Is 11617 a composite number?
False
Is 428905 composite?
True
Is 1114931 a composite number?
False
Is 987293 composite?
False
Is 17635 composite?
True
Is 170741 a composite number?
False
Is 9997 composite?
True
Is 12085 composite?
True
Is 11945 prime?
False
Is 56803 prime?
False
Is 5029 prime?
False
Is 584921 prime?
False
Is 122953 a prime number?
True
Is 90353 a composite number?
False
Is 11099 prime?
False
Is 265703 a composite number?
False
Is 5737 composite?
False
Is 42905 composite?
True
Is 250199 a prime number?
True
Is 5359 prime?
False
Is 12197 a composite number?
False
Is 823351 a prime number?
True
Is 2729 prime?
True
Is 131861 prime?
True
Is 476347 a composite number?
False
Is 1174735 composite?
True
Is 95177 composite?
False
Is 2631 composite?
True
Is 4861 composite?
False
Is 2147 a prime number?
False
Is 401911 composite?
True
Is 1292831 a prime number?
True
Is 81383 composite?
True
Is 29269 a composite number?
False
Is 8879 composite?
True
Is 92027 a prime number?
False
Is 593413 prime?
False
Is 152879 a prime number?
True
Is 91645 composite?
True
Is 79073 a prime number?
False
Is 87773 prime?
False
Is 8057 prime?
False
Is 9327 prime?
False
Is 4409499 a composite number?
True
Is 61441 composite?
False
Is 913205 composite?
True
Is 1893 composite?
True
Is 212599 prime?
False
Is 9439 a composite number?
False
Is 130081 a prime number?
False
Is 9689 a prime number?
True
Is 61163 a composite number?
True
Is 208099 a composite number?
False
Is 5501 prime?
True
Is 16129 a composite number?
True
Is 89189 prime?
True
Is 186457 prime?
False
Is 317831 composite?
False
Is 215179 composite?
False
Is 9613 a composite number?
False
Is 491081 prime?
True
Is 11273 a prime number?
True
Is 6779 prime?
True
Is 10079 a prime number?
True
Is 15661 prime?
True
Is 13085 a composite number?
True
Is 171491 prime?
True
Is 368059 composite?
False
Is 92551 a composite number?
False
Is 12421 composite?
False
Is 11957 a composite number?
True
Is 4306921 composite?
False
Is 57571 prime?
True
Is 39499 composite?
False
Is 2779799 prime?
False
Is 24443 a prime number?
True
Is 45635 prime?
False
Is 1171 a composite number?
False
Is 10771 prime?
True
Is 1672397 a prime number?
False
Is 11303 a composite number?
True
Is 11015 prime?
False
Is 72997 prime?
True
Is 22411 composite?
True
Is 578089 a prime number?
False
Is 23773 composite?
False
Is 4230571 composite?
False
Is 25869 composite?
True
Is 42031 composite?
True
Is 15959 composite?
False
Is 571 composite?
False
Is 10487 a prime number?
True
Is 68349 prime?
False
Is 21701 a composite number?
False
Is 34791 prime?
False
Is 1367 a composite number?
False
Is 13523 composite?
False
Is 15493 a prime number?
True
Is 76303 prime?
True
Is 9778 prime?
False
Is 12457 a prime number?
True
Is 8941 a composite number?
False
Is 13469 composite?
False
Is 29753 a composite number?
False
Is 41737 a prime number?
True
Is 12737 prime?
False
Is 105977 prime?
True
Is 14411 a composite number?
False
Is 5767 prime?
False
Is 66277 prime?
False
Is 523429 a composite number?
True
Is 3314 a prime number?
False
Is 15259 prime?
True
Is 3778619 a composite number?
True
Is 4357 prime?
True
Is 128719 a composite number?
True
Is 23449 composite?
True
Is 130807 a prime number?
True
Is 318191 composite?
False
Is 20477 composite?
False
Is 15077 composite?
False
Is 38173 a prime number?
False
Is 17209 prime?
True
Is 1073027 composite?
True
Is 240551 prime?
True
Is 7463 a composite number?
True
Is 11299 composite?
False
Is 148949 a composite number?
False
Is 81869 a composite number?
False
Is 2423339 prime?
True
Is 852043 a composite number?
True
Is 4717 a prime number?
False
Is 326437 a composite number?
False
Is 34901 prime?
False
Is 325979 a prime number?
False
Is 5033 prime?
False
Is 5333 a prime number?
True
Is 24929 a composite number?
True
Is 168431 prime?
False
Is 104413 prime?
False
Is 8473001 a prime number?
True
Is 77555 a composite number?
True
Is 39407 prime?
False
Is 1149397 prime?
False
Is 186551 a prime number?
True
Is 26339 prime?
True
Is 26671 a composite number?
True
Is 93011 a composite number?
True
Is 38107 a composite number?
True
Is 770817 a composite number?
True
Is 141121 a composite number?
False
Is 249367 composite?
False
Is 11758 composite?
True
Is 1847 prime?
True
Is 24571 composite?
False
Is 989 composite?
True
Is 21215 composite?
True
Is 2413 prime?
False
Is 1216177 a composite number?
False
Is 57887 composite?
True
Is 65761 a composite number?
False
Is 5363 composite?
True
Is 31957 a prime number?
True
Is 148763 prime?
True
Is 267529 a composite number?
True
Is 194809 a composite number?
False
Is 292573 composite?
False
Is 16673 a composite number?
False
Is 52867 a prime number?
False
Is 54203 prime?
False
Is 29179 a prime number?
True
Is 23554 prime?
False
Is 2005 a composite number?
True
Is 210347 a composite number?
False
Is 26327 a composite number?
True
Is 41333 a composite number?
False
Is 5321 a composite number?
True
Is 125219 a prime number?
True
Is 89147 prime?
False
Is 80463 a prime number?
False
Is 646793 a composite number?
True
Is 10511 a composite number?
True
Is 77509 a composite number?
False
Is 1703113 prime?
True
Is 263527 composite?
True
Is 959 composite?
True
Is 114311 composite?
False
Is 623765 composite?
True
Is 227935 a composite number?
True
Is 376787 prime?
True
Is 76459 composite?
True
Is 71593 a prime number?
True
Is 116009 a prime number?
True
Is 2355701 composite?
True
Is 9391 prime?
True
Is 29921 a prime number?
True
Is 156797 prime?
True
Is 26831 prime?
False
Is 237949 prime?
False
Is 22691 prime?
True
Is 14513 composite?
True
Is 3006151 prime?
True
Is 3827 prime?
False
Is 39687 composite?
True
Is 25523 prime?
True
Is 3761 composite?
False
Is 66583 composite?
True
Is 4841 a prime number?
False
Is 12071 a prime number?
True
Is 2231 composite?
True
Is 231619 a composite number?
True
Is 48073 composite?
False
Is 9296539 composite?
True
Is 345149 composite?
True
Is 70501 a composite number?
False
Is 232733 a prime number?
False
Is 4573 a prime number?
False
Is 32869 a prime number?
True
Is 51751 prime?
False
Is 2669 prime?
False
Is 5779 composite?
False
Is 3941 composite?
True
Is 3821 prime?
True
Is 85487 a prime number?
True
Is 468661 a composite number?
False
Is 6537 a prime number?
False
Is 8485 prime?
False
Is 82939 a composite number?
False
Is 164413 composite?
False
Is 112429 composite?
False
Is 84895 prime?
False
Is 8641 composite?
False
Is 354829 a composite number?
False
Is 52531 a composite number?
True
Is 10627 prime?
True
Is 2941 composite?
True
Is 719 a prime number?
True
Is 599759 a composite number?
False
Is 20161 composite?
False
Is 172849 composite?
False
Is 19103 a prime number?
False
Is 89951 a prime number?
False
Is 2251 prime?
True
Is 274369 a composite number?
True
Is 26539 prime?
True
Is 1700453 prime?
False
Is 1835 a composite number?
True
Is 11927 composite?
False
Is 180893 composite?
True
Is 175511 prime?
False
Is 44009 a prime number?
False
Is 264937 a composite number?
True
Is 564227 a prime number?
True
Is 20555 prime?
False
Is 249181 prime?
True
Is 2371 prime?
True
Is 1150447 prime?
True
Is 67709 composite?
False
Is 242899 composite?
True
Is 104309 prime?
True
Is 291 a prime number?
False
Is 916411 a prime number?
True
Is 130319 a composite number?
True
Is 112163 a prime number?
True
Is 233437 composite?
False
Is 610923 a composite number?
True
Is 693809 prime?
True
Is 63197 composite?
False
Is 50113 prime?
False
Is 8543 a prime number?
True
Is 3299 a composite number?
False
Is 6197 composite?
False
Is 48629 a composite number?
True
Is 89867 a prime number?
True
Is 121139 a prime number?
True
Is 219277 prime?
True
Is 2052989 a prime number?
True
Is 24029 a composite number?
False
Is 64147 a prime number?
False
Is 6159 p